-10101001001001100 (base 2) to base 5.
-10232404
-1ce707 (base 15) to base 16
-159a1b
2002023 (base 4) to base 14
3071
39ddf (base 16) to base 9
401118
What is 3d024b (base 15) in base 16?
2ccfc3
-121210100211112 (base 3) to base 14
-128405a
-210635524 (base 7) to base 10
-12463168
What is 21012012000000 (base 3) in base 8?
16451103
3a502 (base 12) to base 8
234522
What is 5203341 (base 11) in base 14?
13110a0
What is -62278 (base 9) in base 8?
-120141
61241365 (base 7) to base 3
100121020112111
Convert 42506722 (base 8) to base 3.
122002022210110
What is 248346 (base 11) in base 7?
3221030
-201203130 (base 5) to base 3
-1111211020202
Convert 6a6b22 (base 12) to base 3.
10012222212122
Convert 9bb3 (base 15) to base 10.
33018
What is -115404533 (base 6) in base 14?
-41cc09
-22306056 (base 9) to base 13
-23166a8
-1698935 (base 13) to base 10
-7330757
-414045323 (base 6) to base 10
-7191411
Convert 282682 (base 10) to base 14.
75038
210313213 (base 4) to base 6
3123051
What is -63312115 (base 8) in base 14?
-1b09d01
83654 (base 11) to base 8
356062
What is -91064 (base 10) in base 2?
-10110001110111000
-40101 (base 14) to base 5
-14410421
-987a3 (base 11) to base 8
-430021
Convert 24545345 (base 6) to base 4.
3001103201
Convert -100311122113 (base 4) to base 10.
-4413079
What is 2a423 (base 11) in base 9?
65110
Convert -2341349 (base 10) to base 13.
-63c91a
409a (base 14) to base 5
323422
625364 (base 11) to base 13
2914cc
169784 (base 10) to base 4
221130320
-10659 (base 13) to base 11
-20304
What is -424552 (base 7) in base 14?
-1cbd2
12359 (base 13) to base 9
51002
-30168a (base 12) to base 15
-ebeb4
What is -4b05b9 (base 13) in base 2?
-110110111100010010100
-7b5b56 (base 12) to base 16
-1e3732
Convert 231132030 (base 7) to base 15.
13955ec
What is 6a79 (base 14) in base 10?
18531
Convert -96030 (base 10) to base 7.
-546654
372377 (base 8) to base 6
2425435
Convert 12b247 (base 13) to base 8.
1564563
What is 102000322 (base 4) in base 5?
4330121
Convert -578206 (base 11) to base 8.
-3402156
-61272 (base 11) to base 6
-1530202
Convert 187d6c (base 16) to base 4.
12013311230
Convert -679998 (base 11) to base 12.
-442180
Convert -11010111110100111001010 (base 2) to base 5.
-3302302302
What is -11122311203 (base 4) in base 11?
-890394
-1011200120 (base 3) to base 4
-11220330
What is 1b094b (base 13) in base 16?
a7bc8
110312213 (base 4) to base 7
504011
Convert 37228 (base 10) to base 9.
56054
What is cb72a (base 15) in base 4?
2131301200
Convert 6264766 (base 8) to base 13.
464125
Convert 149041 (base 10) to base 2.
100100011000110001
What is -101110020111022 (base 3) in base 7?
-65135216
What is 12222211112 (base 3) in base 12?
58335
-31079b (base 13) to base 3
-2011002221011
Convert 602723 (base 12) to base 15.
1e8a73
-95571 (base 15) to base 2
-1110011101010000011
Convert 1001000110000101 (base 2) to base 3.
1220002202
Convert -1011001001111011011000 (base 2) to base 6.
-142402104
Convert 21100202 (base 3) to base 2.
1010011110110
Convert 11b67 (base 13) to base 6.
411222
1a23a (base 11) to base 2
110111001001100
3896749 (base 10) to base 12
137b091
-130765 (base 9) to base 5
-10014413
What is -110100110111111100000001 (base 2) in base 7?
-225545640
What is -102210222020 (base 3) in base 4?
-320301102
What is 331323 (base 6) in base 5?
1340210
Convert 2107587 (base 9) to base 13.
306292
-3130032321 (base 4) to base 8
-3341671
Convert -1110111101101001001 (base 2) to base 15.
-9a428
Convert -285316 (base 11) to base 15.
-8c360
-211421154 (base 6) to base 7
-43421626
Convert 50484 (base 9) to base 5.
2030310
What is 320739 (base 10) in base 9?
537866
What is 4e84e (base 15) in base 10?
251624
What is -6226467 (base 8) in base 11?
-a27718
Convert 70359 (base 14) to base 13.
9591b
Convert 1330024 (base 5) to base 15.
7e79
-d39980 (base 14) to base 7
-114430320
What is -789545 (base 11) in base 7?
-13454032
What is 3321222333 (base 4) in base 12?
413993
What is 2211121002 (base 3) in base 2?
1101101000011110
-4ddb6 (base 16) to base 5
-40201102
32705 (base 11) to base 10
47437
What is 28167 (base 10) in base 13?
ca89
Convert 415987 (base 13) to base 15.
2023ba
-1db349 (base 16) to base 4
-13123031021
Convert -21003201302 (base 4) to base 3.
-11110121011112
What is 1a3dba (base 15) in base 14?
2540a6
122102001211001 (base 3) to base 9
18361731
-101101110111111110111 (base 2) to base 9
-2741027
-21205630 (base 7) to base 15
-2586a4
-1011001111100000010 (base 2) to base 16
-59f02
Convert -1054200255 (base 6) to base 10.
-11679659
Convert 1124039 (base 15) to base 4.
232302111210
Convert 321500554 (base 6) to base 11.
3232910
211001033 (base 4) to base 13
5402c
-112739 (base 11) to base 10
-179243
-5985791 (base 10) to base 12
-2007bbb
7875167 (base 9) to base 14
7c5dbb
-204514132 (base 6) to base 9
-6666332
Convert 5052432 (base 10) to base 15.
69c03c
1166b24 (base 13) to base 3
101010120012101
Convert -13131153 (base 7) to base 3.
-2021000100220
Convert 523435 (base 7) to base 4.
111333220
What is -122301021 (base 6) in base 16?
-23f485
What is 10030113123 (base 4) in base 14?
208843
Convert 157430 (base 10) to base 5.
20014210
-591584 (base 10) to base 11
-374514
Convert 14c950 (base 14) to base 7.
6113230
Convert -11001100000100000011 (base 2) to base 16.
-cc103
41148 (base 12) to base 6
1452532
-54563455 (base 7) to base 15
-629097
Convert -10001010100000111 (base 2) to base 3.
-10121021122
Convert 20246425 (base 7) to base 15.
236787
What is 2e658 (base 15) in base 9?
247602
Convert -2022112020 (base 3) to base 9.
-68466
What is -128982 (base 10) in base 5?
-13111412
What is -5525212 (base 8) in base 6?
-51501030
Convert 30310221201 (base 4) to base 13.
908ca6
-412443 (base 7) to base 13
-26154
What is 42d707 (base 14) in base 15?
2eb26e
What is 10100101100001001011 (base 2) in base 12?
28840b
What is 2212310021 (base 4) in base 14?
13b013
Convert 505315420 (base 6) to base 16.
841944
What is -15a84aa (base 11) in base 16?
-29b98e
What is -253a4 (base 14) in base 6?
-1542340
What is -442143230 (base 5) in base 7?
-22153156
What is -130524 (base 11) in base 9?
-343030
52bec (base 15) to base 6
5343340
Convert 31025031 (base 7) to base 16.
279801
What is -16ab74 (base 14) in base 13?
-21c300
What is -31141301 (base 5) in base 4?
-332131102
What is 14743166 (base 8) in base 2?
1100111100011001110110
What is 1110111111010111001 (base 2) in base 13?
142761
Convert -110110100000001001011 (base 2) to base 10.
-1785931
What is -144a8 (base 16) in base 7?
-464211
Convert -30126827 (base 9) to base 6.
-1233111341
Convert -10111000101011111 (base 2) to base 7.
-542453
What is -20212020002222 (base 3) in base 13?
-9a85ab
What is 17610677 (base 8) in base 12?
1473b67
What is -207088 (base 9) in base 6?
-2350425
Convert -bb71 (base 13) to base 4.
-12120012
-1985273 (base 10) to base 9
-3655248
Convert -3961202 (base 10) to base 13.
-a8900b
Convert 237020 (base 11) to base 7.
3122233
Convert 164859 (base 10) to base 3.
22101010220
-752 (base 8) to base 15
-22a
What is 11003304 (base 5) in base 10?
94204
What is -4040031312 (base 5) in base 3?
-120021220021001
Convert 82 (base 10) to base 4.
1102
What is 25138 (base 11) in base 14?
d227
What is -7a299 (base 12) in base 15?
-333ac
What is -35514 (base 12) in base 5?
-4242314
What is -294454 (base 10) in base 6?
-10151114
-4507303 (base 9) to base 13
-66c51c
What is 12210002211 (base 3) in base 11?
78555
-4cc33 (base 14) to base 4
-232020331
-100001001011010110 (base 2) to base 8
-411326
What is -77f64 (base 16) in base 6?
-14310500
Convert -9036a (base 12) to base 2.
-101101101100000010
What is 30729 (base 10) in base 2?
111100000001001
-12022210021221 (base 3) to base 2
-1010110010111101110000
Convert 6da2c9 (base 15) to base 14.
9a8b5a
Convert -196453 (base 12) to base 6.
-13322543
Convert -ea73d (base 15) to base 3.
-1101210202111
-14de7b (base 15) to base 16
-f6578
-b28ab7 (base 12) to base 4
-22222020223
-111111111001111 (base 2) to base 10
-32719
What is 45ba75b (base 12) in base 16?
ccfeb7
-2010210101 (base 3) to base 2
-1010010010010010
What is 21313314 (base 5) in base 10?
182334
21000221010211 (base 3) to base 7
43530112
-3503532 (base 7) to base 4
-1223000013
10133442 (base 6) to base 4
1013121002